the thousands digit of 3743261?
3
What is the ten millions digit of 33930418?
3
What is the hundred thousands digit of 17506873?
5
What is the hundreds digit of 2062297?
2
What is the millions digit of 2245040?
2
What is the units digit of 1741700?
0
What is the tens digit of 8916236?
3
What is the ten millions digit of 12088747?
1
What is the ten thousands digit of 177123?
7
What is the hundreds digit of 684167?
1
What is the hundred thousands digit of 1121460?
1
What is the thousands digit of 93840?
3
What is the units digit of 840521?
1
What is the ten thousands digit of 1544500?
4
What is the hundred thousands digit of 2694659?
6
What is the units digit of 3554500?
0
What is the tens digit of 121264?
6
What is the ten thousands digit of 1669474?
6
What is the tens digit of 20917857?
5
What is the hundred thousands digit of 593301?
5
What is the hundreds digit of 666730?
7
What is the thousands digit of 319030?
9
What is the hundred thousands digit of 1689843?
6
What is the hundreds digit of 1985702?
7
What is the units digit of 4108864?
4
What is the units digit of 535536?
6
What is the hundreds digit of 5233836?
8
What is the tens digit of 2560132?
3
What is the hundred thousands digit of 269374?
2
What is the hundreds digit of 25348854?
8
What is the millions digit of 13720149?
3
What is the ten thousands digit of 7396842?
9
What is the units digit of 564192?
2
What is the millions digit of 16256009?
6
What is the thousands digit of 82815?
2
What is the thousands digit of 235118?
5
What is the hundred thousands digit of 626426?
6
What is the hundreds digit of 337902?
9
What is the hundred thousands digit of 797170?
7
What is the hundreds digit of 817130?
1
What is the thousands digit of 1404958?
4
What is the ten thousands digit of 10135840?
3
What is the ten thousands digit of 109637?
0
What is the tens digit of 473078?
7
What is the ten millions digit of 23260348?
2
What is the hundreds digit of 129804?
8
What is the ten thousands digit of 35736?
3
What is the thousands digit of 3872767?
2
What is the hundred thousands digit of 134911?
1
What is the hundred thousands digit of 1252408?
2
What is the hundreds digit of 181702?
7
What is the thousands digit of 232160?
2
What is the units digit of 701607?
7
What is the hundred thousands digit of 13714463?
7
What is the millions digit of 5690120?
5
What is the ten thousands digit of 156230?
5
What is the millions digit of 7841846?
7
What is the hundred thousands digit of 19600494?
6
What is the ten thousands digit of 262914?
6
What is the tens digit of 514098?
9
What is the units digit of 4541324?
4
What is the thousands digit of 19785894?
5
What is the tens digit of 615150?
5
What is the tens digit of 90891?
9
What is the millions digit of 3003127?
3
What is the thousands digit of 11748472?
8
What is the millions digit of 1797424?
1
What is the millions digit of 2041464?
2
What is the hundreds digit of 2485169?
1
What is the hundred thousands digit of 25563136?
5
What is the hundreds digit of 26188?
1
What is the thousands digit of 19964817?
4
What is the thousands digit of 2762910?
2
What is the thousands digit of 716304?
6
What is the thousands digit of 65196?
5
What is the ten thousands digit of 3519177?
1
What is the millions digit of 3243753?
3
What is the hundred thousands digit of 281947?
2
What is the units digit of 2573206?
6
What is the units digit of 1482214?
4
What is the hundreds digit of 475099?
0
What is the hundreds digit of 492221?
2
What is the units digit of 583126?
6
What is the thousands digit of 284171?
4
What is the millions digit of 6795924?
6
What is the units digit of 16248030?
0
What is the hundreds digit of 675293?
2
What is the millions digit of 1401139?
1
What is the thousands digit of 1702129?
2
What is the tens digit of 544835?
3
What is the tens digit of 14991671?
7
What is the tens digit of 8154033?
3
What is the tens digit of 2844556?
5
What is the hundred thousands digit of 583722?
5
What is the tens digit of 5218790?
9
What is the hundreds digit of 13290059?
0
What is the ten millions digit of 15293348?
1
What is the hundred thousands digit of 11659036?
6
What is the hundreds digit of 522619?
6
What is the ten thousands digit of 535277?
3
What is the units digit of 193432?
2
What is the hundred thousands digit of 14066356?
0
What is the tens digit of 19754?
5
What is the millions digit of 2212359?
2
What is the tens digit of 2469664?
6
What is the hundreds digit of 3511618?
6
What is the thousands digit of 4374011?
4
What is the tens digit of 1454537?
3
What is the thousands digit of 724906?
4
What is the hundred thousands digit of 6795187?
7
What is the ten thousands digit of 3664158?
6
What is the tens digit of 5868888?
8
What is the ten thousands digit of 933569?
3
What is the ten thousands digit of 12601970?
0
What is the ten thousands digit of 706129?
0
What is the tens digit of 9390060?
6
What is the ten thousands digit of 6090757?
9
What is the hundreds digit of 1553294?
2
What is the hundreds digit of 278973?
9
What is the units digit of 1354105?
5
What is the ten millions digit of 11123160?
1
What is the units digit of 1706210?
0
What is the thousands digit of 2380243?
0
What is the ten thousands digit of 351525?
5
What is the hundred thousands digit of 2178459?
1
What is the hundred thousands digit of 5515061?
5
What is the millions digit of 1784429?
1
What is the ten thousands digit of 82827?
8
What is the thousands digit of 605350?
5
What is the millions digit of 1325336?
1
What is the millions digit of 2571437?
2
What is the hundreds digit of 595341?
3
What is the millions digit of 7100135?
7
What is the thousands digit of 288874?
8
What is the hundreds digit of 844957?
9
What is the ten thousands digit of 14077463?
7
What is the millions digit of 17968830?
7
What is the ten thousands digit of 232224?
3
What is the tens digit of 16967362?
6
What is the hundreds digit of 2140484?
4
What is the units digit of 16914617?
7
What is the units digit of 5657545?
5
What is the units digit of 201683?
3
What is the thousands digit of 168330?
8
What is the ten thousands digit of 609273?
0
What is the hundreds digit of 1671735?
7
What is the tens digit of 1028501?
0
What is the tens digit of 19705824?
2
What is the tens digit of 202820?
2
What is the hundreds digit of 32804933?
9
What is the hundreds digit of 91865?
8
What is the thousands digit of 254867?
4
What is the hundreds digit of 3243845?
8
What is the thousands digit of 581290?
1
What is the thousands digit of 138771?
8
What is the hundreds digit of 74880?
8
What is the tens digit of 366?
6
What is the thousands digit of 6990305?
0
What is the tens digit of 209437?
3
What is the hundred thousands digit of 1333826?
3
What is the ten thousands digit of 449361?
4
What is the thousands digit of 912912?
2
What is the units digit of 254468?
8
What is the hundred thousands digit of 660794?
6
What is the thousands digit of 727619?
7
What is the thousands digit of 9530480?
0
What is the hundreds digit of 13058813?
8
What is the millions digit of 4063071?
4
What is the thousands digit of 1595907?
5
What is the units digit of 221867?
7
What is the millions digit of 1164370?
1
What is the thousands digit of 2708100?
8
What is the tens digit of 4467762?
6
What is the units digit of 147748?
8
What is the thousands digit of 16017809?
7
What is the units digit of 875416?
6
What is the units digit of 461091?
1
What is the tens digit of 200732?
3
What is the thousands digit of 7173609?
3
What is the tens digit of 242927?
2
What is the ten thousands digit of 14060876?
6
What is the ten thousands digit of 203098?
0
What is the hundreds digit of 403729?
7
What is the tens digit of 4674649?
4
What is the tens digit of 196545?
4
What is the millions digit of 2174209?
2
What is the millions digit of 6800481?
6
What is the tens digit of 285783?
8
What is the thousands digit of 546703?
6
What is the thousands digit of 264324?
4
What is the thousands digit of 233286?
3
What is the millions digit of 2965417?
2
What is the tens digit of 425178?
7
What is the hundred thousands digit of 2173317?
1
What is the ten thousands digit of 275422?
7
What is the hundreds digit of 892420?
4
What is the ten thousands digit of 19895